2 (base 6) to base 15.
505
Convert -1223 (base 5) to base 7.
-356
Convert -21133 (base 4) to base 5.
-4412
Convert 10484 (base 13) to base 12.
14b95
Convert -1113411 (base 5) to base 11.
-13a11
What is 101101111100010 (base 2) in base 9?
35235
Convert -2082 (base 9) to base 3.
-2002202
Convert b325 (base 12) to base 11.
1369a
Convert 1141a (base 14) to base 10.
41968
914 (base 15) to base 7
5650
What is -767 (base 11) in base 7?
-2453
What is 26610 (base 7) in base 13?
334b
What is 11100100010 (base 2) in base 12?
1082
19700 (base 10) to base 8
46364
What is 439 (base 10) in base 2?
110110111
What is -2933 (base 10) in base 7?
-11360
-b7 (base 12) to base 5
-1024
What is 1547a (base 11) in base 7?
120516
What is 12000 (base 4) in base 9?
466
What is 3461 (base 14) in base 4?
2032031
What is -1000111000111000 (base 2) in base 16?
-8e38
What is -501432 (base 6) in base 2?
-1001100101011100
Convert 20110201 (base 3) to base 7.
16516
-13131 (base 5) to base 4
-100101
What is c883 (base 14) in base 9?
52426
-13012 (base 4) to base 6
-2034
What is -37204 (base 12) in base 7?
-430324
-1529 (base 11) to base 15
-8b2
What is 9a3 (base 11) in base 14?
61c
Convert 42a1a (base 11) to base 3.
10011200020
What is 2453 (base 7) in base 3?
1021002
Convert 34412 (base 7) to base 9.
13035
What is -202202 (base 4) in base 3?
-10000212
-842b (base 14) to base 16
-58f7
-1018 (base 9) to base 10
-746
3514 (base 6) to base 4
31012
-427 (base 11) to base 6
-2213
Convert -703 (base 16) to base 10.
-1795
Convert 431 (base 9) to base 2.
101100000
Convert 346d (base 15) to base 12.
6534
What is -12e (base 15) in base 3?
-100222
What is 169 (base 16) in base 12?
261
2322301 (base 4) to base 6
131201
Convert -1021010 (base 3) to base 6.
-4133
Convert -820 (base 10) to base 11.
-686
What is -2e4 (base 15) in base 3?
-220121
7655 (base 8) to base 9
5448
What is -1a69 (base 14) in base 15?
-164c
Convert 2679 (base 11) to base 8.
6622
165 (base 13) to base 11
20a
-53 (base 14) to base 15
-4d
-857 (base 14) to base 9
-2227
Convert -30a8 (base 11) to base 15.
-1341
What is -237 (base 9) in base 16?
-c4
Convert 10121 (base 4) to base 9.
342
Convert -10230 (base 5) to base 10.
-690
Convert -18 (base 12) to base 7.
-26
Convert -5a13 (base 13) to base 12.
-7417
Convert -2a7 (base 16) to base 3.
-221011
Convert -352452 (base 6) to base 9.
-45645
What is 4592 (base 11) in base 7?
23403
What is 31031 (base 4) in base 12?
5a5
-204 (base 8) to base 13
-a2
2015 (base 7) to base 8
1272
What is 1112002 (base 4) in base 3?
21112221
Convert 64415 (base 7) to base 13.
7379
What is 12eb (base 16) in base 4?
1023223
-1739 (base 12) to base 11
-20a9
Convert 113512 (base 6) to base 7.
40613
What is 5545 (base 6) in base 2?
10100001001
20221 (base 3) to base 2
10111011
Convert 111111111000 (base 2) to base 12.
2448
100a (base 16) to base 14
16d4
Convert 134203 (base 6) to base 15.
3b03
What is 10c6 (base 13) in base 16?
937
51b4 (base 15) to base 9
25617
What is 11233 (base 5) in base 15?
398
Convert -14280 (base 9) to base 8.
-22757
What is -23201233 (base 4) in base 11?
-32523
What is -b0d (base 15) in base 10?
-2488
What is -10110010011110 (base 2) in base 3?
-120200001
What is 30665 (base 10) in base 14?
b265
Convert 4215 (base 9) to base 2.
110000010100
Convert 472 (base 14) to base 15.
3de
17b9c (base 14) to base 8
165016
Convert 136122 (base 7) to base 5.
1314013
What is 995a (base 11) in base 3?
200000102
Convert -2b3e (base 15) to base 13.
-42c2
-c03 (base 14) to base 13
-10c2
What is 24522 (base 6) in base 15?
1135
What is -34623 (base 9) in base 8?
-55102
What is -9010 (base 10) in base 4?
-2030302
-51 (base 6) to base 13
-25
What is c39 (base 14) in base 4?
211203
Convert 10312 (base 4) to base 16.
136
-a8c (base 15) to base 13
-1113
What is 2310 (base 6) in base 4?
20202
What is 3431 (base 6) in base 7?
2236
What is 11120100 (base 3) in base 16?
d02
What is 1213002 (base 4) in base 15?
1e49
What is 1885 (base 14) in base 9?
6061
Convert -709 (base 12) to base 8.
-1771
What is 6721 (base 13) in base 4?
3200320
What is -81c (base 13) in base 14?
-705
d2c (base 16) to base 13
16c5
Convert 11620 (base 8) to base 16.
1390
What is 32011 (base 4) in base 13?
544
Convert -4725 (base 8) to base 6.
-15353
633 (base 9) to base 10
516
Convert -1b28 (base 15) to base 10.
-5888
What is 39 (base 16) in base 12?
49
1134d (base 14) to base 2
1010001101011001
20221 (base 4) to base 13
337
Convert 12125 (base 7) to base 12.
19ab
-23103332 (base 4) to base 16
-b4fe
Convert -19b96 (base 14) to base 16.
-ff78
Convert -1010101100000 (base 2) to base 16.
-1560
3585 (base 9) to base 2
101001101101
321431 (base 5) to base 14
3d62
What is e22 (base 15) in base 16?
c6e
-10783 (base 9) to base 15
-2203
What is 14468 (base 11) in base 16?
502b
Convert 4b (base 13) to base 7.
120
-613 (base 11) to base 14
-3ac
Convert -33541 (base 9) to base 4.
-11130220
-4026 (base 7) to base 10
-1392
-347 (base 12) to base 10
-487
What is 1007 (base 16) in base 5?
112403
175 (base 8) to base 12
a5
-1510 (base 11) to base 8
-3633
-1276 (base 10) to base 13
-772
-13 (base 5) to base 10
-8
What is 30288 (base 11) in base 6?
540525
Convert -1010010011001 (base 2) to base 5.
-132043
What is dba (base 16) in base 12?
204a
-5072 (base 9) to base 16
-e7e
Convert 4458 (base 14) to base 8.
27076
-14913 (base 11) to base 5
-1133233
Convert 1222113 (base 5) to base 14.
8760
What is -45343 (base 6) in base 4?
-1203333
-20133 (base 4) to base 12
-393
-15104 (base 10) to base 3
-202201102
What is -adc (base 15) in base 7?
-10110
What is 1222222 (base 3) in base 16?
5b1
What is -8071 (base 15) in base 10?
-27106
212 (base 12) to base 7
611
2ab (base 15) to base 14
319
-a947 (base 13) to base 2
-101101111111110
What is -637 (base 8) in base 15?
-1ca
What is -32100 (base 5) in base 8?
-4146
-105730 (base 8) to base 9
-54087
What is -40403 (base 6) in base 4?
-1103103
33342 (base 5) to base 7
6562
-24cc (base 13) to base 12
-3046
What is 2213 (base 5) in base 11?
260
Convert -46665 (base 9) to base 14.
-b4dd
-10946 (base 11) to base 9
-23573
acb (base 15) to base 12
14b5
Convert -314130 (base 5) to base 3.
-112110101
Convert -c4 (base 16) to base 13.
-121
Convert 1474 (base 8) to base 15.
3a3
Convert -4639 (base 13) to base 15.
-2dba
What is -3212 (base 6) in base 5?
-10403
201212021 (base 3) to base 6
151011
What is 11333 (base 4) in base 3?
112012
-7245 (base 8) to base 4
-322211
Convert 898 (base 12) to base 9.
1658
Convert -a28 (base 13) to base 8.
-3274
Convert 676 (base 12) to base 14.
4c2
2120020 (base 3) to base 2
11101001101
Convert bad7 (base 15) to base 9.
60254
Convert 16553 (base 8) to base 5.
220111
-10324 (base 10) to base 16
-2854
Convert 1120002002 (base 3) to base 14.
b270
What is b104 (base 12) in base 8?
45324
1f5a (base 16) to base 11
6037
Convert -241 (base 16) to base 10.
-577
Convert -10001011110 (base 2) to base 10.
-1118
Convert 244140 (base 6) to base 12.
10650
What is 1341 (base 10) in base 13?
7c2
Convert -ed (base 15) to base 2.
-11011111
Convert 1110111101 (base 2) to base 14.
4c5
3a4 (base 16) to base 14
4a8
Convert 2d23 (base 15) to base 11.
7326
1150 (base 8) to base 5
4431
What is -200020 (base 3) in base 15?
-22c
Convert 20212 (base 4) to base 14.
2b4
-101110000101 (base 2) to base 16
-b85
What is abc (base 13) in base 16?
735
Convert 4d2e (base 16) to base 11.
13932
1a57 (base 12) to base 2
110010100011
What is 3b24 (base 13) in base 15?
27a5
Convert -9a69 (base 11) to base 15.
-3de4
1100211 (base 3) to base 5
12434
Convert 22420 (base 5) to base 10.
1610
-3e13 (base 16) to base 14
-5b11
What is 123a (base 11) in base 2?
11001010000
What is cd6 (base 16) in base 6?
23114
What is -1524 (base 7) in base 13?
-378
-12100 (base 3) to base 2
-10010000
Convert 1010101001100101 (base 2) to base 8.
125145
893 (base 14) to base 11
1303
Convert -310530 (base 6) to base 8.
-60366
-885 (base 11) to base 15
-4ab
499 (base 14) to base 5
12134
What is -1665 (base 11) in base 2?
-100001010000
202201 (base 5) to base 6
50155
What is -110220 (base 6) in base 5?
-243111
-3330 (base 5) to base 10
-465
What is -2e2f (base 16) in base 2?
-10111000101111
What is 2436 (base 9) in base 13?
a98
Convert -169 (base 10) to base 6.
-441
-